se 8*h - 512 = 2*w, 5*h + 2*w - 3405 = -3059. Suppose 5*u = -2*i + 20, -5*i - 5*u = -11 - 39. Calculate the remainder when h is divided by i.
6
Let n(y) = -1931*y + 22. Calculate the remainder when n(-1) is divided by 115.
113
Let x(o) = -o**2 + 36*o + 45. Let g be x(19). Suppose 319*w - g = 318*w. Calculate the remainder when w is divided by 62.
58
Let x be (-165)/(-9)*-1*(5 - -1). Let f be (0 + (-2)/4)*(x + -52). Let m = -24 + f. What is the remainder when m is divided by 15?
12
Suppose 4*f + 313 = 3*x, 197 = x + x - 5*f. Let l = x - 102. What is the remainder when 197 is divided by l?
8
Suppose -4*u = -0*u - 3*u. Suppose -h - 182 + 196 = u. What is the remainder when 52 is divided by h?
10
Let h(f) = -2*f**3 - 3*f**2 - 5*f - 5. Let c be h(-2). Suppose -2*p = -115 + c. What is the remainder when 369 is divided by p?
51
Let r = -25078 - -25136. Calculate the remainder when 1096 is divided by r.
52
Suppose -16218 = -33*b + 13350. Suppose 0 = -b*m + 898*m - 32. What is the remainder when 93 is divided by m?
13
Suppose 101*p = 26*p + 7125. What is the remainder when 270 is divided by p?
80
Let j = -2294 + 2294. Suppose -4*i + y + 14 = -3, 3*y + 3 = 0. Suppose j = i*r - 332 + 4. Calculate the remainder when r is divided by 29.
24
Suppose -6 = -4*l - i + 11, -3*i + 19 = 4*l. Suppose -3*v - 5*m - 30 = 2*v, l*v + 26 = -2*m. What is the remainder when 16 is divided by (60/v)/(-3)*28/8?
6
Let s = 153 - 60. Suppose 9 = 3*r, 6*j + 2*r - s = 3*j. Suppose -8*y = -j - 19. What is the remainder when 16 is divided by y?
4
Let u(m) = -397*m + 10012. What is the remainder when 152 is divided by u(25)?
65
Let n(z) = -25*z**2 + 751*z + 114. What is the remainder when 417 is divided by n(30)?
129
Suppose -3*h = -108 + 555. Let v = -111 - h. Calculate the remainder when 66 is divided by v.
28
Calculate the remainder when 3 + 11 + 352*4 is divided by 31.
27
Let v(l) = -14*l - 132. What is the remainder when 785 is divided by v(-14)?
17
Suppose 4*i + 32 = -8. Let a be (-2*(-22)/i)/(2/80). Let y = a - -337. Calculate the remainder when y is divided by 18.
17
Let a(r) = -2*r**3 + 2*r**2 + 4. Let k be a(-3). Suppose k + 148 = -7*h. Let x = h - -124. Calculate the remainder when x is divided by 24.
20
Let f(d) = 3*d**3 - 81*d**2 + 85*d - 83. What is the remainder when 487 is divided by f(26)?
91
Let g(k) = 8*k**2 + 258*k - 1307. What is the remainder when g(5) is divided by 18?
3
Calculate the remainder when (-749)/(-2) - ((-2610)/60 - -43) is divided by 188.
187
Let u = -408 + 638. What is the remainder when u is divided by 37?
8
Suppose -5*j - 3120 = -4*p + 1383, 2*p - 3*j - 2249 = 0. Calculate the remainder when p is divided by 15.
7
Suppose 6324 = 4*v + 11*j, -3*v - 3*j = -2172 - 2529. What is the remainder when v is divided by 92?
87
Suppose -z + 3*m + 59 = 0, -4*z = 3*m - 6*m - 218. Let g = z + -38. What is the remainder when 11 - (-12 - 48) - 13 is divided by g?
13
Suppose -15360 = 967*m - 1015*m. Calculate the remainder when 1119 is divided by m.
159
Suppose 37*g = 11*g + 10244. Suppose 9*q = q + 96. What is the remainder when g is divided by q?
10
Let i be 32/(-8)*-73 + -3. Let l = i - 228. What is the remainder when l is divided by 34?
27
Let g be ((-1578)/(-18))/((-4)/(-36)). Let w = 808 - g. Calculate the remainder when 53 is divided by w.
15
Calculate the remainder when (-22 - 98)/(6/(-8)) is divided by 23.
22
Let m(y) = y**2 - 10*y + 3. Let p be m(10). Suppose -2*a - 8 = 0, p*c = 4*c + a - 13. Let q = c + 15. Calculate the remainder when 125 is divided by q.
29
Let b = -3626 + 4351. Calculate the remainder when b is divided by 42.
11
Suppose -5*o = 2*v - 182 - 2162, 4*o + 3*v = 1871. Calculate the remainder when o is divided by 37.
26
Suppose -5*k + 126 = n, k - 3*n + 53 = 3*k. Let y = -1048 + 1095. Calculate the remainder when y is divided by k.
22
Suppose 196 = 4*i - 5*d, -2*i - 3*d = -69 - 7. Calculate the remainder when 155 is divided by i.
23
Let n(f) = -f**2 + 89*f - 1970. Calculate the remainder when 3751 is divided by n(42).
3
Suppose 7*i - 33 = 30. Suppose -3*p = -i, -4*b = 30*p - 28*p - 10. Calculate the remainder when ((-2)/3)/((-1)/3) is divided by b.
0
Let b(l) = 3*l**2 - 206*l - 51. What is the remainder when 1736 is divided by b(69)?
8
Let o(f) = -3*f - 9. Let u be o(-5). Let l be (-2)/2 + u + -1 + -3. Let h = 22 - l. Calculate the remainder when h is divided by 4.
1
What is the remainder when 1437 is divided by (12/3 + 1037/(-68))*-4?
42
Suppose -21*s + 22*s - 9 = 0. Suppose 0 = 2*j - s + 1. Suppose 42 = j*w - 2*z, -w = -0*w + 5*z - 16. What is the remainder when 76 is divided by w?
10
Let u = -5365 + 5388. Calculate the remainder when 191 is divided by u.
7
Let z(m) = 30*m**2 - 15*m + 72. What is the remainder when z(13) is divided by 25?
22
Suppose 2*q + 3 = 7, 4*c = -q + 30. Suppose 5*a = 6*a - 385. Suppose 0 = -2*r - 5*r + a. Calculate the remainder when r is divided by c.
6
Let m(a) = 465*a**2 - 342*a + 2390. What is the remainder when m(7) is divided by 128?
125
Suppose -4*s + 28 = 4*o, 4*o - 3*s - s = 60. Let c = 43 + -47. Calculate the remainder when o is divided by 1*(c + 6) + 3.
1
Suppose -25 = -2*c - 3*r, -16*c + 17*c + r - 9 = 0. What is the remainder when 79 is divided by c?
1
Let f = -62 + 71. Let l(q) = q**2 - 7*q - 14. Let u be l(f). Suppose -u*r + 105 = -243. What is the remainder when r is divided by 11?
10
Suppose -1467 = -5*y - 452. Suppose 3*k = 4*k - 128. Let p = y - k. Calculate the remainder when p is divided by 11.
9
Let l = 11398 - 10232. What is the remainder when l is divided by 38?
26
Suppose 4*g + 4*l = 396, 72*g - 77*g + 519 = -3*l. What is the remainder when 892 is divided by g?
76
Let i be -1 + (-42)/(48/(-8)). Calculate the remainder when 1*i/(-15) + 72338/70 is divided by 74.
71
Suppose 4*m - 3*r - 299 = 5461, -1441 = -m + r. What is the remainder when m is divided by 180?
177
Let d = -229 + 259. What is the remainder when d + (-3 - 8/(-3))*0 is divided by 9?
3
Let w(t) = 3*t - 1. Let i be w(1). Suppose -5*a = v - 45, 0*v = a + i*v. Calculate the remainder when 27 is divided by a.
7
Suppose -8*l - 4 = -9*l, -272 = -4*f - 4*l. What is the remainder when 74 is divided by f?
10
Let d(l) = 5*l - 36. Let a be d(8). Calculate the remainder when 1 + -1 - (-5 - 14) is divided by (-96)/56*(-14)/a.
1
Let q = 435 + -277. Let d = -6 + q. Let u = -15 + d. Calculate the remainder when u is divided by 35.
32
What is the remainder when 139 is divided by (-2104)/(-50) - (-152)/(-1900)?
13
Suppose -6*r = -23*r + 68. Suppose -x - 2*f = -1460, -r*f - 25 = f. What is the remainder when x is divided by 23?
21
Suppose -2*z - 2*a + 28 = 2*z, 4*a = 3*z - 32. Let f(m) = m**3 - m**2 - m + 29. Calculate the remainder when f(0) is divided by z.
5
Let c(y) = 2*y**2 + y - 19. Let p be c(-3). What is the remainder when (306/(-12))/((-575)/140 - p) is divided by 80?
78
Let f be ((-2)/(-6))/(1/(-237)). Let s be (-11)/(9 - -2) + 128/(-1). Let m = f - s. What is the remainder when m is divided by 6?
2
Suppose 0 = t - 4*x - 2280, -2*x = -4*t + 6122 + 3026. Calculate the remainder when t is divided by 24.
8
Let i(g) = -49*g - 194. Let p be i(-4). Suppose -5*q = -5*r - 240, -p*q - 4*r - 243 = -7*q. Calculate the remainder when 152 is divided by q.
50
Calculate the remainder when (-20)/25 + 7139/55 is divided by 121.
8
Suppose -3*h + 438 = 4*z, -5*h = -7*h + z + 292. Suppose -4*c - 2*y = 2*y - 588, 0 = c + 2*y - h. What is the remainder when c is divided by 50?
48
Let y(q) = q**3 + 15*q**2 + 25*q + 103. Let c(b) = 47*b**2 - 2. What is the remainder when y(-11) is divided by c(-1)?
42
Suppose -139*u + 207 = -136*u. Suppose 17*w - u - 101 = 0. Suppose -5*z + 4*i = -207, -3*z - 2*i + 111 = -0*z. What is the remainder when z is divided by w?
9
Suppose -2*h = -6*h - 3*c + 17, 0 = 3*c + 3. Suppose 4*g - 1180 = -k, -k = h*g - 2226 + 752. Calculate the remainder when g is divided by 59.
58
Suppose -608*o = -304*o - 305*o + 30. What is the remainder when 165 is divided by o?
15
Suppose -7*w - a - 4*a = -10917, 0 = 5*a + 10. Calculate the remainder when w is divided by 46.
43
Suppose -3*i - 42 = -s, 3*s + i + 55 = 161. Calculate the remainder when 483 is divided by s.
15
Let z(r) be the first derivative of -r**4/4 - 32*r**3/3 + 29*r**2/2 - 3*r - 17. 